*3 - 4*d**2 + 4*d - 2. Let j be k(3). Calculate the remainder when b(-19) is divided by -1*3*(j + (-84)/18).
7
Let o = 195 + -521. Let s = -165 - o. Calculate the remainder when s is divided by 9.
8
Let l(w) = -172*w + 1. What is the remainder when l(-1) is divided by 9 - (-33 + -9 + 35)?
13
Let h = -501 + -32. Let s = 555 + h. What is the remainder when 238 is divided by s?
18
Let f(y) = 1409*y**3 + 3*y**2 - 10*y + 9. Calculate the remainder when f(1) is divided by 142.
133
Let y(c) = -c**3 - 7*c**2 - 7*c - 2. Let k(q) = 2*q**3 + 203*q**2 - 115*q - 436. Calculate the remainder when k(-102) is divided by y(-7).
44
What is the remainder when 83 is divided by 13/(2 - -3*10/(-30))?
5
Let q be 5*-80 - (-13 + 15). Let h = 625 + q. Calculate the remainder when h is divided by 15.
13
Let k = -20996 - -21065. Suppose -65 = -7*s + 5*s + 5*v, -5*s - 5*v = -75. Calculate the remainder when k is divided by s.
9
Let w(k) = -k**2 - 7*k + 18. Let b be 392/(-70) - 6/(-10). Calculate the remainder when 138 is divided by w(b).
26
Suppose 30*f = 26*f + 16. Suppose f*z - 3*q - 1060 = q, 3*q = 4*z - 1060. Suppose 5*v - 125 - z = 0. What is the remainder when v is divided by 40?
38
Let s = -12761 + 12848. What is the remainder when 720 is divided by s?
24
Suppose 0 = 26*k - 43*k + 2890. What is the remainder when 506 is divided by k?
166
Let q(a) be the third derivative of a**4/6 + 41*a**3/6 + 9*a**2 - 7. What is the remainder when 114 is divided by q(-4)?
14
Let n(m) = -36*m + 754. What is the remainder when 505 is divided by n(20)?
29
Let w be 0 + -27 - (11 + -4 + -10). Let r(p) = p**2 + 25*p + 67. What is the remainder when 167 is divided by r(w)?
38
Suppose l + 12 - 15 = 0. What is the remainder when 78 is divided by (-12)/l - (-18 + 0 + 0)?
8
Let d be 0/(0 + 5/5). Suppose d = 4*u - 68 - 8. What is the remainder when 87 is divided by u?
11
Let f(w) = -w**3 + 51*w**2 - 400*w + 91. Calculate the remainder when f(11) is divided by 133.
132
What is the remainder when (-88616)/(-264)*18/57 is divided by 1/(-6) + 73/6?
10
Suppose 2920*x - 2918*x + 5*h - 1082 = 0, -x - 2*h = -541. What is the remainder when x is divided by 126?
37
Let p = -27 + 34. Suppose -3*c + 83 = -p. Suppose 2*o + 3*o = c. What is the remainder when 16 is divided by o?
4
Suppose -4*d - 6 = -s + 16, 0 = -4*s - d + 3. Let u(w) = w**2 - w + 8*w + w**2 - 5. Calculate the remainder when 29 is divided by u(s).
12
Let u = -9017 + 9031. What is the remainder when 1230 is divided by u?
12
Let o(m) = -4*m**3 - 2*m**2 - m. Let n = -63 - -221. Suppose -4*c - n = -182. What is the remainder when c is divided by o(-1)?
0
Let b(d) = -2*d**2 - 54*d - 142. What is the remainder when 388 is divided by b(-22)?
76
Let r(f) = 64*f + 3807. Calculate the remainder when 324 is divided by r(-57).
6
Suppose -90*c - 26 = -92*c. Let i be ((c - 5)/24)/((-1)/(-3)). Calculate the remainder when ((-1*1)/i)/(12/(-3516)) is divided by 49.
48
Suppose -5*i = 3*g - 368, 4*g - 4*i - 206 = 242. Calculate the remainder when 465 is divided by g.
1
Suppose -k - 4*m + 247 = 0, 4*k + 8*m - 946 = 13*m. Calculate the remainder when k is divided by 19.
11
Suppose 2*p - 4*o = 12, 0*o - 5*o = -p + 18. What is the remainder when (p + 95/(-4))/((-3)/12) is divided by 26?
25
Let g(q) = 4*q - 20. Let f be g(18). Let o = 78 - f. Suppose -3*a - u = -o, 2*a - 2*u - 29 = -5*u. Calculate the remainder when 75 is divided by a.
5
Let c = 1185 + -820. What is the remainder when c is divided by 360?
5
Suppose b + 83 = -5*n + 6*n, 2*n - 5*b - 178 = 0. Suppose h - 2*j - n = -0*j, -4*j + 142 = 2*h. Calculate the remainder when 216 is divided by h.
66
Suppose 0 = a + s - 216, -52*s - 200 = -a - 49*s. Calculate the remainder when a is divided by 37.
27
Let h = -19717 + 20108. What is the remainder when 1177 is divided by h?
4
Suppose 72*q - 626 = 310. Calculate the remainder when 300 is divided by q.
1
Let i be 2 - (3 + (0 - -2) + 2). Let f(g) = 6*g**2 + 3*g + 8. Suppose 5*k + 75 - 260 = 0. What is the remainder when f(i) is divided by k?
32
Let r = 417 - 953. Let d = r + 561. Calculate the remainder when 66 is divided by d.
16
Suppose 20 = -9*n + 13*n. Let z be n - (-2 + -1 + 4). Calculate the remainder when 6/((-5)/z + 2) is divided by 5.
3
Suppose -18445 + 17004 = -11*u. What is the remainder when 255 is divided by u?
124
Let x = -7997 + 8015. Calculate the remainder when 195 is divided by x.
15
Let y = -10530 - -10994. What is the remainder when y is divided by 190?
84
Let d(o) = -6*o + 52. Calculate the remainder when d(5) is divided by (9/21 + (-32)/(-7))*1.
2
Let w be 28/8*(-4)/56*-12. Suppose 6*n - 7*n = 4*c + 14, 10 = w*n - c. What is the remainder when 6 is divided by n?
0
Let w(n) = -8*n - 15. Suppose -8 = 4*x, -5*a + 8 - 43 = 5*x. Calculate the remainder when (-143)/(-3) + 4/(-6) is divided by w(a).
22
Suppose 27 = 3*i, 0 = -h - 4*i + 2*i + 1 + 59. Let g = 0 + -5. Let s = 4 - g. Calculate the remainder when h is divided by s.
6
Suppose 3*m = -i - 12, 9*m = 5*m - 20. What is the remainder when 306 is divided by 27 - (2 + 5 - (i - -1))?
18
Suppose -2*i + 262 = -19*h + 21*h, 12 = 4*i. What is the remainder when 1045 is divided by h?
21
Let p = -19 - -20. Let r(c) = 23*c - 125. Calculate the remainder when r(9) is divided by p/6 + 1875/90.
19
Let c be (15/22 - (-10)/(-55))*-50. Let s(y) = y + 41. What is the remainder when s(c) is divided by 9?
7
Calculate the remainder when (-8)/(-18) + 25560/81 - 3 is divided by 86.
55
Let g = 59 + -50. Suppose -6*q - 24 = -g*q. What is the remainder when 23 is divided by q?
7
Let n = -472 - -378. Let f = n + 156. What is the remainder when f is divided by 39?
23
Calculate the remainder when 1858 is divided by 9*(-40)/(-12) - (0 - 1).
29
Suppose 216 = u + 3*n + 38, 0 = 4*u + 4*n - 704. Suppose 171*g = u*g - 72. What is the remainder when 67 is divided by g?
13
What is the remainder when 0/(-16 - -2) + 544 is divided by 37?
26
Suppose 74*o - 25752 = 37*o. Calculate the remainder when o is divided by 189.
129
Suppose 7 = -3*b + 16. Suppose 60 = 2*p + b*p. Suppose 4*c - 22*n + 25*n = 629, 4*c + 5*n = 635. Calculate the remainder when c is divided by p.
11
Let r = 1209 - 1206. Let l(n) be the first derivative of n**4 - 7*n**2/2 + 2*n + 1. What is the remainder when l(r) is divided by 15?
14
Let r(b) = 3*b**2 - 22*b + 56. Let d be r(6). Suppose g + d*g = 3630. What is the remainder when g is divided by ((-111)/(-9))/(1/3)?
36
Suppose -5*c + 28*b + 43 = 25*b, -3*b = 5*c - 37. Calculate the remainder when 8 is divided by c.
0
Let m(q) = -4*q + 14. Let v be m(3). Calculate the remainder when 67 is divided by v*56/4 - 8/2.
19
Let d = 3090 + -2999. Calculate the remainder when 179 is divided by d.
88
Let h(p) = 273*p. Let l be h(4). Let v = -659 + l. What is the remainder when v is divided by 31?
30
Let a = -2318 - -2741. What is the remainder when a is divided by 171?
81
Let f(h) = 4*h**3 + 4*h**2 - 11. Let w(b) = -b**2 + 13*b - 36. Let s be w(8). What is the remainder when f(s) is divided by 39?
36
Let y(m) = -m**3 + 5*m**2 - 23. Let v be y(7). Let x = v + 123. Calculate the remainder when x is divided by 10/8 + (-2)/8.
0
Let a(g) = -g**2 + 3*g + 12. Let q be a(5). Let n be q - -25 - (-6 + 3). What is the remainder when 75/n*(-8)/(-30)*36 is divided by 14?
10
Let j = 73 - 31. Let q(d) = -38*d - 123. Let m be q(-9). Let h = -202 + m. Calculate the remainder when j is divided by h.
8
Let m = -11 - -26. Let r = 130 + -130. Suppose 2*y = -5*h + 270, r*y = 5*y + 25. What is the remainder when h is divided by m?
11
Suppose -22*u + 93438 - 17428 = 0. What is the remainder when u is divided by 133?
130
Calculate the remainder when 357 is divided by 4/(-66)*-3 + -14 + 15264/264.
5
Let g = -67 - -57. Let h be 5*(-4)/g + 130. Let k = -92 + h. Calculate the remainder when k is divided by 22.
18
Suppose c + 2*p = 60, -6 = 30*p - 27*p. What is the remainder when 117 is divided by c - (-5 - -7) - 1?
56
Let w(o) = o**2 + 11*o + 94. Let r be w(0). Suppose -46*z + 45*z = -r. What is the remainder when z is divided by 49?
45
Let y(g) be the first derivative of 2*g**2 - 25*g + 6. Calculate the remainder when 17 is divided by y(9).
6
Let u be 62/6 + (-2)/(-3). Let m(h) = 2*h + 73. What is the remainder when ((110/(-8))/u)/(1/(-140)) is divide